3 - j. What is the remainder when y is divided by 15?
10
Let o(l) = -l - 5 - 104*l**3 + 6*l**2 + 207*l**3 - 102*l**3. Calculate the remainder when 97 is divided by o(-5).
22
Suppose -r + 5*q + 210 = -90, -2*q + 951 = 3*r. Calculate the remainder when r is divided by 62.
5
Let q(t) = -t**3 + 13*t**2 + 2*t - 24. Let g be q(13). Suppose -i + 16 = -g*h, -2*i - 9 = -h - 32. Calculate the remainder when 28 is divided by i.
8
Let m(z) = z + 55. What is the remainder when m(-18) is divided by 6/(-14) + (-282)/(-21)?
11
Suppose 4*u = 3*s - 4*s + 109, 0 = -u - 5*s + 51. Suppose -3*c + u = -c. What is the remainder when (-23892)/(-990) - (-2)/(-15) is divided by c?
11
Suppose -14 = 8*t - 38. What is the remainder when 37 is divided by t?
1
Suppose -d + 43 = -0*d. Let z = 2 + d. What is the remainder when z is divided by 12?
9
Let n = 189 + -117. Suppose 2*g + 78 + n = 4*w, -5*w - g + 177 = 0. Calculate the remainder when 138 is divided by w.
30
Let d(o) = 72*o**2 - 1. Let k be d(1). Let f = -49 + k. Calculate the remainder when f is divided by (-5)/(-1) + -3 + 0 + 6.
6
Suppose -5*i + 98 = -2*l - 95, -5*i - 5*l + 200 = 0. Suppose -5*n = -3*t - 10*n + i, -31 = -5*t + 3*n. Calculate the remainder when 78 is divided by t.
6
Calculate the remainder when 518/6 + (-2)/(-3) is divided by (-2)/5*-9*(-14)/((-28)/5).
6
Suppose 0 = -3*s - x + 275 + 266, -2*x + 2 = 0. What is the remainder when s is divided by 26?
24
Suppose -4*c = -m, 3*m - 3*c - 8 - 1 = 0. Calculate the remainder when 6 is divided by m.
2
Suppose -3*r + 108 = -a, -3*a = 3*r - 173 + 53. What is the remainder when r is divided by 22?
15
Suppose 2*g - 3*g + 4 = 0. Let b = 6 - g. Suppose b*f - 51 = f. What is the remainder when f is divided by 26?
25
Let t = 33 - 32. Calculate the remainder when 70/22 - (-12)/(-66) is divided by t.
0
Suppose j = -s + 2, 4*s + 2 = 4*j + 2*s. Calculate the remainder when ((-11)/5 - -2)/(j/(-55)) is divided by 1.
0
Suppose -6*m + m + n = -177, 2*n - 114 = -3*m. What is the remainder when m is divided by 30?
6
Let x be 30/10 - (2 - 6). Let p(o) = 5*o - 5*o**3 + 4*o**3 + 12*o**2 - 5*o**2. What is the remainder when p(x) is divided by 13?
9
Let x(g) = -5*g - 52. Let s be x(-11). Suppose s*y + 500 = 5*o, 3*o - 300 = 5*y - 4*y. What is the remainder when o is divided by 26?
22
Let q(r) = r**3 - 3*r**2 + 2*r. Calculate the remainder when ((-11)/(-176)*188)/((-2)/(-16)) is divided by q(4).
22
Suppose 0*w = 9*w - 63. What is the remainder when 23 is divided by (4 - w)*14/(-3)?
9
Let n = -2393 - -2608. Calculate the remainder when n is divided by 109.
106
Suppose 279*i - 187 = 262*i. What is the remainder when i is divided by 5?
1
Suppose 5*l = -120 - 735. Suppose -2*j = 3*v - v + 232, -5*j - 2*v = 577. Let o = j - l. Calculate the remainder when o is divided by 30.
26
Suppose 13*r - 8786 = 652. Calculate the remainder when r is divided by 49.
40
Let l(m) = m**2 + 5*m - 35. Let z be l(-9). Suppose -45 = -4*a + 55. Calculate the remainder when a is divided by 4 - (-3)/(-5)*(-5)/z.
4
Let b = -598 - -1256. What is the remainder when b is divided by 83?
77
Let j be 162/(-21) - 10/35. Suppose -2*x + 58 = 10. What is the remainder when -94*(j/(-2) - 5) is divided by x?
22
Let x(f) = -16*f - 123. What is the remainder when x(-10) is divided by 21?
16
Let a be 21*(8/48)/(1/20). Suppose -d + 0*d = -5*v - 77, a = d + 2*v. Calculate the remainder when d is divided by 37.
35
Suppose 0 = -o + 3 + 1. Suppose 0 = -0*j + 5*j - 10. Calculate the remainder when o is divided by j.
0
Let k = 1 + 4. Suppose 0 = 7*r - k*r - 106. What is the remainder when r is divided by 28?
25
Let k = 38 - -3. Let y(t) = t**3 + 10*t**2 + 11*t + 32. What is the remainder when k is divided by y(-9)?
13
Let n = -112 + 45. Let u = 113 + n. Calculate the remainder when u is divided by 14.
4
What is the remainder when 31 is divided by (-62)/(-8) - (-60)/(-80)?
3
What is the remainder when 70*((-78)/(-130) - 4/(-10)) is divided by 42?
28
Suppose -165 - 283 = -m. Suppose -4*t - m = -8*t. Calculate the remainder when t is divided by 39.
34
Suppose -2*w + w - 2*q = -15, 5*q + 15 = 5*w. Suppose 101 = w*f - 193. What is the remainder when f is divided by 9?
6
Let w = -3275 + 3461. Calculate the remainder when w is divided by 40.
26
Let g = 310 + -303. What is the remainder when 24 is divided by g?
3
Let n be -2 + 500/((-10)/(-5)). Suppose 0 = 4*w - 0 - n. What is the remainder when w is divided by 22?
18
Let t = 116 + -184. Let x = 83 + t. What is the remainder when x is divided by 14?
1
Suppose -79 = -0*b - b. Suppose -3*c - 28 + b = 0. Calculate the remainder when 50 is divided by c.
16
Let p(a) = 2*a + 69. Let o be p(-26). Suppose o*v = 12*v + 410. Calculate the remainder when v is divided by 18.
10
Suppose -5*b = 2*z - 1358, 14*z + 276 = b + 10*z. Calculate the remainder when b is divided by 55.
52
Suppose -4*o = -3*o + 2*z - 8, -z = -3*o + 24. Let n(i) = 3*i - 3. Let j(c) = c**2 - c. Let v be j(-1). What is the remainder when o is divided by n(v)?
2
Calculate the remainder when 184 is divided by (-106)/(-8) - (-585)/(-468).
4
Suppose -b - 4*l + 2 = -0*b, 5*b - 10 = -3*l. What is the remainder when 6 is divided by b?
0
Let l be 95/20 + (-1 - 15/(-12)). Suppose 4*c - 1 = 2*c - l*s, -4*s = 12. What is the remainder when c is divided by 3?
2
Suppose -616 = 9*v + 131. Let j = v - -88. Calculate the remainder when 14 is divided by j.
4
Suppose 5*a = 2*v + 4290, -3*a = -a - 2*v - 1722. Suppose s - r - a = -3*s, 5*r - 1070 = -5*s. What is the remainder when s is divided by 31?
28
Let d be (-18)/(-12)*4/3. Suppose i = t + 38, -5*i = -d*t + 42 - 220. Calculate the remainder when i is divided by 18.
16
Suppose -2*d + 148 = 2*d. Suppose -77 = -6*z + 43. Calculate the remainder when d is divided by z.
17
Let s = -118 - -129. Let p(o) = -o**2 - o + 2. Let h be p(-2). Suppose 5*a + 4*r = -h*r + 230, -3*a + 141 = 3*r. What is the remainder when a is divided by s?
9
Suppose 0 = 2*y - 12. Suppose -16 = g - 3*l - y, 15 = 2*g + l. Calculate the remainder when g is divided by 1.
0
Calculate the remainder when 134 is divided by 17 - (0/2)/(-3 + 4).
15
Let o = -7575 + 7622. What is the remainder when o is divided by 8 - (2 + -2)/1?
7
Let i be ((-372)/8)/(-3 - 7/(-2)). Let l = 134 + i. What is the remainder when l is divided by 9?
5
Let a = -26 - -18. Calculate the remainder when (6/9)/(a/(-1164)) is divided by ((-100)/(-6))/(6/9).
22
Let a(w) = 2*w**3 + 11*w**2 - 12. What is the remainder when 211 is divided by a(-4)?
31
Let n = 9 + -7. Suppose 3*s + 3*v = n*s + 39, 0 = 5*s - 3*v - 159. What is the remainder when s is divided by 12?
9
Suppose 282 = 4*w + 54. Suppose -5*t = t - 390. Suppose 5*v - 2*v - 5*b - t = 0, 3*v = -b + 59. What is the remainder when w is divided by v?
17
Let g(j) = j**2 + 10*j - 6. Let x be g(-11). Suppose z = 5*z - 20, z = -x*y + 760. What is the remainder when y is divided by 38?
37
Let q(f) = f**3 + 7*f**2 - 6*f - 64. Let o(d) = -1 - 3 + 0*d + 3*d + 0*d**2 + 2*d**2. Calculate the remainder when o(5) is divided by q(-5).
13
Let b be (-4)/(-16) - (-39)/(-12). Let c be 279/b*16/(-12). Let u = c + -65. What is the remainder when u is divided by 12?
11
Suppose -71 = -13*u + 228. Suppose 0 = -m - 4*m + 65. Calculate the remainder when u is divided by m.
10
Let d(k) = -9*k + 24. Let w be d(-6). Let o = w + -64. Calculate the remainder when 54 is divided by o.
12
Suppose 4*m + r = 54, -3*m + 7*r = 2*r - 52. Suppose -66 = 11*b - m*b. What is the remainder when 109 is divided by b?
21
Let g(i) = 34*i**2 + i. Calculate the remainder when 908 is divided by g(1).
33
Let m = 349 - 322. What is the remainder when 2320 is divided by m?
25
Suppose 5*z = 5*p - 0*p + 5, 3*z = -2*p + 13. Let o(v) = 2*v - 2*v**z + 0 + 0*v**3 - 1 - 2*v**2 + 2. What is the remainder when 9 is divided by o(-2)?
4
Let a(r) = -5*r**3 - 10*r**3 - r + r**3. Calculate the remainder when -3*26/39 - -30 is divided by a(-1).
13
What is the remainder when 65 is divided by (-66)/3*(14/(-4) + 2)?
32
Suppose 5*f - 4 = -4*d + 1, -3*d + 5*f = -30. Suppose d*a = 9*a. Suppose a = 2*q + 15 - 85. What is the remainder when q is divided by 12?
11
What is the remainder when (-5451)/(-24) + (-5)/40 is divided by 12?
11
Let q = 40 - 11. Suppose 4*u + 11 = -k + q, -36 = -2*k + 4*